e 6) in base 10?
0
Convert 10010100 (base 2) to base 8.
224
91 (base 11) to base 7
202
What is -3 (base 10) in base 7?
-3
What is 0 (base 15) in base 4?
0
What is 0 (base 16) in base 12?
0
What is -7 (base 8) in base 10?
-7
100 (base 2) to base 16
4
What is 1 (base 2) in base 9?
1
-3 (base 14) to base 5
-3
Convert -7 (base 10) to base 11.
-7
-6 (base 8) to base 12
-6
Convert 10001 (base 4) to base 11.
214
What is 0 (base 11) in base 12?
0
What is -10 (base 4) in base 2?
-100
What is -28 (base 14) in base 8?
-44
Convert -26 (base 12) to base 15.
-20
Convert 4 (base 11) to base 3.
11
Convert 4 (base 15) to base 12.
4
Convert 153 (base 8) to base 2.
1101011
What is -3b (base 16) in base 14?
-43
Convert 2 (base 16) to base 2.
10
16 (base 7) to base 13
10
What is 2 (base 6) in base 13?
2
Convert 3 (base 4) to base 10.
3
Convert 13 (base 9) to base 5.
22
54 (base 12) to base 6
144
What is -10 (base 3) in base 8?
-3
0 (base 8) to base 10
0
What is 9 (base 11) in base 15?
9
Convert -100 (base 2) to base 9.
-4
Convert 11 (base 15) to base 8.
20
Convert -95 (base 13) to base 6.
-322
13 (base 11) to base 15
e
What is 0 (base 16) in base 10?
0
-10 (base 2) to base 15
-2
What is -423 (base 7) in base 8?
-325
Convert 341 (base 5) to base 7.
165
Convert -14 (base 8) to base 11.
-11
What is 45 (base 10) in base 9?
50
Convert 6 (base 7) to base 4.
12
13 (base 11) to base 5
24
1 (base 5) to base 8
1
Convert 13 (base 14) to base 6.
25
Convert 8 (base 13) to base 6.
12
Convert 202 (base 3) to base 2.
10100
3 (base 10) to base 11
3
What is -76 (base 10) in base 6?
-204
Convert -33 (base 13) to base 9.
-46
Convert -92 (base 12) to base 14.
-7c
-e (base 15) to base 7
-20
What is 5c (base 13) in base 3?
2212
Convert -3 (base 16) to base 13.
-3
-6 (base 16) to base 9
-6
Convert 16a (base 11) to base 8.
305
-6 (base 13) to base 9
-6
What is -a (base 13) in base 10?
-10
-2 (base 16) to base 13
-2
0 (base 14) to base 5
0
What is -50 (base 9) in base 3?
-1200
What is 11010 (base 2) in base 8?
32
Convert -157 (base 10) to base 12.
-111
433 (base 6) to base 7
324
What is 104 (base 9) in base 12?
71
-2 (base 15) to base 10
-2
Convert 117 (base 8) to base 10.
79
28 (base 13) to base 2
100010
-10120 (base 3) to base 7
-165
Convert -2 (base 14) to base 15.
-2
Convert 110 (base 6) to base 8.
52
What is -4 (base 8) in base 16?
-4
Convert 21 (base 10) to base 3.
210
-17 (base 11) to base 2
-10010
What is 2 (base 3) in base 9?
2
Convert -c (base 13) to base 16.
-c
-44 (base 12) to base 13
-40
What is -a2 (base 14) in base 6?
-354
Convert 31 (base 8) to base 9.
27
Convert -313 (base 5) to base 3.
-10002
What is -3a (base 12) in base 15?
-31
-14 (base 15) to base 3
-201
-103 (base 6) to base 16
-27
-34 (base 6) to base 14
-18
Convert 32 (base 9) to base 2.
11101
What is 2 (base 6) in base 15?
2
-11 (base 3) to base 2
-100
-60 (base 9) to base 14
-3c
What is 3203 (base 4) in base 5?
1402
Convert -333 (base 5) to base 11.
-85
What is -101 (base 5) in base 12?
-22
-11 (base 3) to base 11
-4
112 (base 3) to base 15
e
What is -3 (base 14) in base 8?
-3
What is 5 (base 11) in base 5?
10
-10 (base 3) to base 12
-3
Convert 4 (base 8) to base 12.
4
Convert 205 (base 6) to base 10.
77
What is 34 (base 11) in base 12?
31
19 (base 10) to base 12
17
What is -223 (base 9) in base 4?
-2313
3 (base 10) to base 13
3
-1 (base 7) to base 6
-1
Convert -20 (base 8) to base 14.
-12
5a (base 13) to base 8
113
10 (base 14) to base 6
22
Convert 0 (base 2) to base 6.
0
-1 (base 7) to base 4
-1
What is -32 (base 4) in base 3?
-112
1 (base 13) to base 8
1
2 (base 14) to base 9
2
What is -32 (base 5) in base 10?
-17
Convert -15a (base 12) to base 6.
-554
Convert -2 (base 15) to base 14.
-2
What is 11 (base 9) in base 13?
a
What is -3 (base 12) in base 3?
-10
-29 (base 16) to base 10
-41
Convert 102 (base 7) to base 3.
1220
What is 664 (base 7) in base 13?
202
3 (base 8) to base 2
11
What is 17 (base 8) in base 16?
f
Convert -22 (base 4) to base 13.
-a
136 (base 9) to base 16
72
4 (base 5) to base 4
10
Convert cc (base 14) to base 13.
10b
43 (base 6) to base 5
102
What is -19 (base 15) in base 12?
-20
What is c (base 16) in base 11?
11
Convert 3 (base 16) to base 15.
3
Convert -6 (base 10) to base 15.
-6
Convert 4 (base 13) to base 3.
11
What is -90 (base 11) in base 2?
-1100011
What is 4 (base 7) in base 12?
4
What is 11 (base 7) in base 12?
8
What is -10001010 (base 2) in base 10?
-138
Convert 1 (base 2) to base 14.
1
What is -3 (base 13) in base 9?
-3
-154 (base 7) to base 8
-130
Convert -3 (base 4) to base 6.
-3
Convert -5 (base 10) to base 9.
-5
What is 4 (base 13) in base 11?
4
-11 (base 5) to base 8
-6
Convert -320 (base 7) to base 9.
-188
1202 (base 3) to base 9
52
Convert 20 (base 3) to base 12.
6
-324 (base 6) to base 10
-124
-210 (base 3) to base 9
-23
What is -117 (base 9) in base 6?
-241
Convert 222 (base 10) to base 3.
22020
41 (base 6) to base 9
27
-62 (base 7) to base 6
-112
What is -1100110 (base 2) in base 3?
-10210
What is 113 (base 5) in base 14?
25
10020 (base 3) to base 7
153
Convert 1 (base 13) to base 2.
1
Convert 44 (base 5) to base 10.
24
0 (base 5) to base 15
0
What is -32 (base 8) in base 12?
-22
What is -14 (base 14) in base 7?
-24
Convert b (base 14) to base 6.
15
What is -2 (base 15) in base 10?
-2
7 (base 11) to base 16
7
What is -93 (base 13) in base 7?
-231
What is -3 (base 8) in base 10?
-3
0 (base 14) to base 8
0
What is -10111 (base 2) in base 10?
-23
What is -2 (base 16) in base 12?
-2
What is -11 (base 3) in base 4?
-10
Convert 103 (base 5) to base 14.
20
3 (base 12) to base 6
3
What is 11 (base 4) in base 10?
5
Convert -12a (base 11) to base 7.
-306
What is 4 (base 16) in base 10?
4
-21 (base 7) to base 3
-120
-4 (base 6) to base 15
-4
Convert -111 (base 2) to base 16.
-7
3 (base 4) to base 2
11
0 (base 11) to base 5
0
Convert -222 (base 3) to base 9.
-28
1 (base 9) to base 3
1
What is -21 (base 12) in base 15?
-1a
Convert 1212 (base 3) to base 5.
200
Convert -13c (base 16) to base 3.
-102201
Convert 115 (base 8) to base 4.
1031
What is 10111 (base 2) in base 3?
212
What is 31 (base 14) in base 8?
53
What is 9 (base 14) in base 4?
21
11 (base 3) to base 2
100
What is 4 (base 8) in base 13?
4
Convert 3 (base 11) to base 12.
3
1023 (base 5) to base 3
12010
-1002 (base 4) to base 14
-4a
What is -25 (base 8) in base 6?
-33
Convert -22 (base 3) to base 6.
-12
-52 (base 7) to base 16
-25
53 (base 8) to base 2
101011
What is 3 (base 5) in base 2?
11
-2 (base 7) to base 6
-2
What is -50 (base 9) in base 12?
-39
-18 (base 9) to base 13
-14
What is -5 (base 13) in base 7?
-5
-12 (base 7) to base 13
-9
What is -1 (base 9) in base 2?
-1
What is 4 (base 12) in base 4?
10
Convert -3 (base 11) to base 10.
-3
Convert -1 (base 14) to base 8.
-1
d (base 16) to base 2
1101
-39 (base 11) to base 4
-222
What is -2 (base 4) in base 11?
-2
Convert -411 (base 6) to base 2.
-10010111
-5 (base 15) to base 14
-5
What is -1121 (base 3) in base 13?
-34
-13 (base 10) to base 16
-d
0 (base 5) to base 6
0
What is -11 (base 9) in base 5?
-20
Convert -1020 (base 3) to base 12.
-29
0 (base 4) to base 13
0
Convert 111 (base 4) to base 8.
25
Convert 1 (base 2) to base 8.
1
What is -35 (base 11) in base 6?
-102
9 (base 12) to base 16
9
Convert 8 (base 13) to base 10.
8
Convert -11 (base 2) to base 12.
-3
Convert 4 (base 6) to base 11.
4
-2002 (base 3) to base 13
-44
-3 (base 6) to base 11
-3
0 (base 9) to base 7
0
Convert -16 (base 13) to base 11.
-18
Convert 3 (base 11) to base 7.
3
Convert 3 (base 7) to base 3.
10
What is -1 (base 8) in base 3?
-1
0 (base 16) to base 15
0
-164 (base 11) to base 14
-d9
What is -100 (base 2) in base 10?
-4
What is 17 (base 14) in base 16?
15
What is 0 (base 15) in base 6?
0
What is -20021 (base 3) in base 7?
-331
-12 (base 14) to base 8
-20
Convert 11 (base 11) to base 6.
20
What is 182 (base 11) in base 13?
133
2 (base 3) to base 14
2
Convert 11 (base 4) to base 7.
5
What is 210 (base 5) in base 6?
131
-101 (base 2) to base 8
-5
11 (base 2) to base 8
3
Convert -38 (base 9) to base 5.
-120
Convert -1 (base 6) to base 13.
-1
What is 50 (base 11) in base 5?
210
Convert -2133 (base 4) to base 15.
-a9
-3 (base 12) to base 11
-3
1 (base 9) to base 14
1
Convert 1 (base 13) to ba